{"id":3424,"date":"2025-07-23T22:20:20","date_gmt":"2025-07-23T20:20:20","guid":{"rendered":"https:\/\/savoie-argentine.org\/san-jose\/"},"modified":"2026-02-18T19:21:36","modified_gmt":"2026-02-18T18:21:36","slug":"san-jose","status":"publish","type":"page","link":"https:\/\/savoie-argentine.org\/es\/centros-culturales\/san-jose\/","title":{"rendered":"San Jos\u00e9"},"content":{"rendered":"\t\t<div data-elementor-type=\"wp-page\" data-elementor-id=\"3424\" class=\"elementor elementor-3424 elementor-226\">\n\t\t\t\t<div class=\"elementor-element elementor-element-597b4a6c e-transform e-transform e-flex e-con-boxed e-con e-parent\" data-id=\"597b4a6c\" data-element_type=\"container\" data-e-type=\"container\" data-settings=\"{&quot;background_background&quot;:&quot;classic&quot;,&quot;_transform_translateX_effect&quot;:{&quot;unit&quot;:&quot;px&quot;,&quot;size&quot;:207,&quot;sizes&quot;:[]},&quot;_transform_scale_effect&quot;:{&quot;unit&quot;:&quot;px&quot;,&quot;size&quot;:0.5,&quot;sizes&quot;:[]},&quot;_transform_translateX_effect_tablet&quot;:{&quot;unit&quot;:&quot;px&quot;,&quot;size&quot;:&quot;&quot;,&quot;sizes&quot;:[]},&quot;_transform_translateX_effect_mobile&quot;:{&quot;unit&quot;:&quot;px&quot;,&quot;size&quot;:&quot;&quot;,&quot;sizes&quot;:[]},&quot;_transform_translateY_effect&quot;:{&quot;unit&quot;:&quot;px&quot;,&quot;size&quot;:&quot;&quot;,&quot;sizes&quot;:[]},&quot;_transform_translateY_effect_tablet&quot;:{&quot;unit&quot;:&quot;px&quot;,&quot;size&quot;:&quot;&quot;,&quot;sizes&quot;:[]},&quot;_transform_translateY_effect_mobile&quot;:{&quot;unit&quot;:&quot;px&quot;,&quot;size&quot;:&quot;&quot;,&quot;sizes&quot;:[]},&quot;_transform_scale_effect_tablet&quot;:{&quot;unit&quot;:&quot;px&quot;,&quot;size&quot;:&quot;&quot;,&quot;sizes&quot;:[]},&quot;_transform_scale_effect_mobile&quot;:{&quot;unit&quot;:&quot;px&quot;,&quot;size&quot;:&quot;&quot;,&quot;sizes&quot;:[]}}\">\n\t\t\t\t\t<div class=\"e-con-inner\">\n\t\t\t\t<div class=\"elementor-element elementor-element-38b7d06d elementor-widget elementor-widget-image\" data-id=\"38b7d06d\" data-element_type=\"widget\" data-e-type=\"widget\" data-widget_type=\"image.default\">\n\t\t\t\t\t\t\t\t\t\t\t\t\t\t\t\t<a href=\"https:\/\/savoie-argentine.org\/wp-content\/uploads\/2025\/11\/san_jose_001a.jpg\" data-elementor-open-lightbox=\"yes\" data-elementor-lightbox-title=\"san_jose_001a\" data-e-action-hash=\"#elementor-action%3Aaction%3Dlightbox%26settings%3DeyJpZCI6MzQyNSwidXJsIjoiaHR0cHM6XC9cL3Nhdm9pZS1hcmdlbnRpbmUub3JnXC93cC1jb250ZW50XC91cGxvYWRzXC8yMDI1XC8xMVwvc2FuX2pvc2VfMDAxYS5qcGcifQ%3D%3D\">\n\t\t\t\t\t\t\t<img decoding=\"async\" src=\"https:\/\/savoie-argentine.org\/wp-content\/uploads\/elementor\/thumbs\/san_jose_001a-rhls3g3r7ir9wr95z8r6u7oiztubfyofv9bd7buogo.jpg\" title=\"san_jose_001a\" alt=\"san_jose_001a\" class=\"elementor-animation-bounce-in\" loading=\"lazy\" \/>\t\t\t\t\t\t\t\t<\/a>\n\t\t\t\t\t\t\t\t\t\t\t\t\t\t\t<\/div>\n\t\t\t\t\t<\/div>\n\t\t\t\t<\/div>\n\t\t<div class=\"elementor-element elementor-element-cfc14c4 e-flex e-con-boxed e-con e-parent\" data-id=\"cfc14c4\" data-element_type=\"container\" data-e-type=\"container\">\n\t\t\t\t\t<div class=\"e-con-inner\">\n\t\t\t\t<div class=\"elementor-element elementor-element-6d917c1 elementor-widget elementor-widget-text-editor\" data-id=\"6d917c1\" data-element_type=\"widget\" data-e-type=\"widget\" data-widget_type=\"text-editor.default\">\n\t\t\t\t\t\t\t\t\t<p>\u00bfInformaci\u00f3n sobre el centro cultural de San Jos\u00e9? <a href=\"https:\/\/savoie-argentine.org\/es\/contactenos\/san-jose-solicitud-de-informacion\/\" rel=\"noopener\"><span style=\"text-decoration: underline;\">est\u00e1 aqu\u00ed &gt;&gt;&gt;<\/span><\/a><\/p>\t\t\t\t\t\t\t\t<\/div>\n\t\t\t\t\t<\/div>\n\t\t\t\t<\/div>\n\t\t<div class=\"elementor-element elementor-element-7434a1d e-flex e-con-boxed e-con e-parent\" data-id=\"7434a1d\" data-element_type=\"container\" data-e-type=\"container\">\n\t\t\t\t\t<div class=\"e-con-inner\">\n\t\t\t\t<div class=\"elementor-element elementor-element-77309f3 elementor-widget elementor-widget-text-editor\" data-id=\"77309f3\" data-element_type=\"widget\" data-e-type=\"widget\" data-widget_type=\"text-editor.default\">\n\t\t\t\t\t\t\t\t\t<h3 data-start=\"267\" data-end=\"318\">Centro Savoyardo de <strong data-start=\"293\" data-end=\"305\">San Jos\u00e9<\/strong> (Entre R\u00edos)<\/h3><ul data-start=\"319\" data-end=\"1605\"><li data-start=\"319\" data-end=\"433\"><p data-start=\"321\" data-end=\"433\"><strong data-start=\"321\" data-end=\"341\">Fecha de creaci\u00f3n<\/strong>: fundado en 1989, con legalizaci\u00f3n jur\u00eddica en 1996 <span class=\"\" data-state=\"closed\"><span class=\"ms-1 inline-flex max-w-full items-center relative top-[-0.094rem] animate-[show_150ms_ease-in]\" data-testid=\"webpage-citation-pill\"><a class=\"flex h-4.5 overflow-hidden rounded-xl px-2 text-[9px] font-medium text-token-text-secondary! bg-[#F4F4F4]! dark:bg-[#303030]! transition-colors duration-150 ease-in-out\" href=\"https:\/\/centrosaboyano.com.ar\/?utm_source=chatgpt.com\" target=\"_blank\" rel=\"noopener\"><span class=\"relative start-0 bottom-0 flex h-full w-full items-center\"><span class=\"flex h-4 w-full items-center justify-between overflow-hidden\"><span class=\"max-w-full grow truncate overflow-hidden text-center\"><span style=\"text-decoration: underline;\">centrosaboyano.com.ar<\/span><\/span><\/span><\/span><\/a><\/span><\/span>.<\/p><\/li><li data-start=\"434\" data-end=\"648\"><p data-start=\"436\" data-end=\"648\"><strong data-start=\"436\" data-end=\"470\">Inauguraci\u00f3n del edificio dedicado<\/strong>: 12 de noviembre de 2000, en presencia del embajador de Francia, del Vicegobernador de Entre R\u00edos y de otras autoridades francesas y argentinas.<\/p><\/li><li data-start=\"649\" data-end=\"1075\"><p data-start=\"651\" data-end=\"678\"><strong data-start=\"651\" data-end=\"676\">Actividades principales<\/strong>:<\/p><ul data-start=\"681\" data-end=\"1075\"><li data-start=\"681\" data-end=\"798\"><p data-start=\"683\" data-end=\"798\">Clases de franc\u00e9s para todas las edades, incluyendo un <strong data-start=\"730\" data-end=\"759\">jard\u00edn de infancia biling\u00fce<\/strong>.<\/p><\/li><li data-start=\"801\" data-end=\"927\"><p data-start=\"803\" data-end=\"927\">Investigaci\u00f3n geneal\u00f3gica e hist\u00f3rica, constituci\u00f3n de una <strong data-start=\"860\" data-end=\"888\">biblioteca en franc\u00e9s<\/strong>.<\/p><\/li><li data-start=\"930\" data-end=\"1075\"><p data-start=\"932\" data-end=\"1075\">Organizaci\u00f3n de eventos culturales y de acogida para visitantes, as\u00ed como un <strong data-start=\"1009\" data-end=\"1036\">estudio para alojamiento<\/strong>.<\/p><\/li><\/ul><\/li><li data-start=\"1076\" data-end=\"1304\"><p data-start=\"1078\" data-end=\"1105\"><strong data-start=\"1078\" data-end=\"1103\">Desarrollo del lugar<\/strong>:<\/p><ul data-start=\"1108\" data-end=\"1304\"><li data-start=\"1108\" data-end=\"1304\"><p data-start=\"1110\" data-end=\"1304\">Estructura inicial completada con una sala de jard\u00edn de infancia, luego ampliada a cinco salas en total, con trabajos de acondicionamiento (c\u00e9sped sint\u00e9tico, pintura\u2026).<\/p><\/li><\/ul><\/li><li data-start=\"1305\" data-end=\"1440\"><p data-start=\"1307\" data-end=\"1440\"><strong data-start=\"1307\" data-end=\"1330\">Responsables locales<\/strong>: actualmente presidido por Rosa Maxit, descendiente de colonos pioneros.<\/p><\/li><li data-start=\"1441\" data-end=\"1605\"><p data-start=\"1443\" data-end=\"1605\"><strong data-start=\"1443\" data-end=\"1457\">Comunidad<\/strong>: muy involucrada en la transmisi\u00f3n de la cultura savoyarda, con numerosos intercambios humanos y materiales<\/p><\/li><\/ul>\t\t\t\t\t\t\t\t<\/div>\n\t\t\t\t\t<\/div>\n\t\t\t\t<\/div>\n\t\t<div class=\"elementor-element elementor-element-f9ad282 e-flex e-con-boxed e-con e-parent\" data-id=\"f9ad282\" data-element_type=\"container\" data-e-type=\"container\">\n\t\t\t\t\t<div class=\"e-con-inner\">\n\t\t\t\t<div class=\"elementor-element elementor-element-e03b4bd elementor-widget elementor-widget-text-editor\" data-id=\"e03b4bd\" data-element_type=\"widget\" data-e-type=\"widget\" data-widget_type=\"text-editor.default\">\n\t\t\t\t\t\t\t\t\t<p><a href=\"https:\/\/famille.savoie-argentine.org\/concessions-san-jose\/\" target=\"_blank\" rel=\"noopener\"><span style=\"text-decoration: underline;\">Lista de propietarios de concesiones en 1879  &gt;&gt;&gt;<\/span><\/a><\/p>\t\t\t\t\t\t\t\t<\/div>\n\t\t\t\t\t<\/div>\n\t\t\t\t<\/div>\n\t\t<div class=\"elementor-element elementor-element-a79fe10 e-flex e-con-boxed e-con e-parent\" data-id=\"a79fe10\" data-element_type=\"container\" data-e-type=\"container\" data-settings=\"{&quot;background_background&quot;:&quot;classic&quot;}\">\n\t\t\t\t\t<div class=\"e-con-inner\">\n\t\t\t\t<div class=\"elementor-element elementor-element-a647a2a elementor-widget elementor-widget-text-editor\" data-id=\"a647a2a\" data-element_type=\"widget\" data-e-type=\"widget\" data-widget_type=\"text-editor.default\">\n\t\t\t\t\t\t\t\t\t<p>Tras la marcha de la presidenta del Centro Cultural San Jos\u00e9, Rosa Maxit, se le rinde homenaje mediante la edici\u00f3n del v\u00eddeo adjunto. Es un testimonio del trabajo extraordinario que ha realizado durante varias d\u00e9cadas. <\/p>\t\t\t\t\t\t\t\t<\/div>\n\t\t\t\t\t<\/div>\n\t\t\t\t<\/div>\n\t\t<div class=\"elementor-element elementor-element-c62de5f e-flex e-con-boxed e-con e-parent\" data-id=\"c62de5f\" data-element_type=\"container\" data-e-type=\"container\" data-settings=\"{&quot;background_background&quot;:&quot;classic&quot;}\">\n\t\t\t\t\t<div class=\"e-con-inner\">\n\t\t\t\t<div class=\"elementor-element elementor-element-6dd7d9e elementor-widget elementor-widget-video\" data-id=\"6dd7d9e\" data-element_type=\"widget\" data-e-type=\"widget\" data-settings=\"{&quot;video_type&quot;:&quot;hosted&quot;,&quot;controls&quot;:&quot;yes&quot;}\" data-widget_type=\"video.default\">\n\t\t\t\t\t\t\t<div class=\"e-hosted-video elementor-wrapper elementor-open-inline\">\n\t\t\t\t\t<video class=\"elementor-video\" src=\"https:\/\/savoie-argentine.org\/wp-content\/uploads\/2026\/01\/san_jose_fr.mp4\" controls=\"\" preload=\"metadata\"><\/video>\n\t\t\t\t<\/div>\n\t\t\t\t\t\t<\/div>\n\t\t\t\t\t<\/div>\n\t\t\t\t<\/div>\n\t\t\t\t<\/div>\n\t\t","protected":false},"excerpt":{"rendered":"<p>\u00bfInformaci\u00f3n sobre el centro cultural de San Jos\u00e9? est\u00e1 aqu\u00ed &gt;&gt;&gt; Centro Savoyardo de San Jos\u00e9 (Entre R\u00edos) Fecha de creaci\u00f3n: fundado en 1989, con legalizaci\u00f3n jur\u00eddica en 1996 centrosaboyano.com.ar. Inauguraci\u00f3n del edificio dedicado: 12 de noviembre de 2000, en presencia del embajador de Francia, del Vicegobernador de Entre R\u00edos y de otras autoridades francesas [&hellip;]<\/p>\n","protected":false},"author":1,"featured_media":0,"parent":3431,"menu_order":0,"comment_status":"closed","ping_status":"closed","template":"","meta":{"iawp_total_views":6,"footnotes":""},"folder":[],"class_list":["post-3424","page","type-page","status-publish","hentry"],"_links":{"self":[{"href":"https:\/\/savoie-argentine.org\/es\/wp-json\/wp\/v2\/pages\/3424","targetHints":{"allow":["GET"]}}],"collection":[{"href":"https:\/\/savoie-argentine.org\/es\/wp-json\/wp\/v2\/pages"}],"about":[{"href":"https:\/\/savoie-argentine.org\/es\/wp-json\/wp\/v2\/types\/page"}],"author":[{"embeddable":true,"href":"https:\/\/savoie-argentine.org\/es\/wp-json\/wp\/v2\/users\/1"}],"replies":[{"embeddable":true,"href":"https:\/\/savoie-argentine.org\/es\/wp-json\/wp\/v2\/comments?post=3424"}],"version-history":[{"count":13,"href":"https:\/\/savoie-argentine.org\/es\/wp-json\/wp\/v2\/pages\/3424\/revisions"}],"predecessor-version":[{"id":6557,"href":"https:\/\/savoie-argentine.org\/es\/wp-json\/wp\/v2\/pages\/3424\/revisions\/6557"}],"up":[{"embeddable":true,"href":"https:\/\/savoie-argentine.org\/es\/wp-json\/wp\/v2\/pages\/3431"}],"wp:attachment":[{"href":"https:\/\/savoie-argentine.org\/es\/wp-json\/wp\/v2\/media?parent=3424"}],"wp:term":[{"taxonomy":"folder","embeddable":true,"href":"https:\/\/savoie-argentine.org\/es\/wp-json\/wp\/v2\/folder?post=3424"}],"curies":[{"name":"wp","href":"https:\/\/api.w.org\/{rel}","templated":true}]}}

San José

<div data-elementor-type="wp-page" data-elementor-id="3424" class="elementor elementor-3424 elementor-226">
				<div class="elementor-element elementor-element-597b4a6c e-transform e-transform e-flex e-con-boxed e-con e-parent" data-id="597b4a6c" data-element_type="container" data-e-type="container" data-settings="{&quot;background_background&quot;:&quot;classic&quot;,&quot;_transform_translateX_effect&quot;:{&quot;unit&quot;:&quot;px&quot;,&quot;size&quot;:207,&quot;sizes&quot;:[]},&quot;_transform_scale_effect&quot;:{&quot;unit&quot;:&quot;px&quot;,&quot;size&quot;:0.5,&quot;sizes&quot;:[]},&quot;_transform_translateX_effect_tablet&quot;:{&quot;unit&quot;:&quot;px&quot;,&quot;size&quot;:&quot;&quot;,&quot;sizes&quot;:[]},&quot;_transform_translateX_effect_mobile&quot;:{&quot;unit&quot;:&quot;px&quot;,&quot;size&quot;:&quot;&quot;,&quot;sizes&quot;:[]},&quot;_transform_translateY_effect&quot;:{&quot;unit&quot;:&quot;px&quot;,&quot;size&quot;:&quot;&quot;,&quot;sizes&quot;:[]},&quot;_transform_translateY_effect_tablet&quot;:{&quot;unit&quot;:&quot;px&quot;,&quot;size&quot;:&quot;&quot;,&quot;sizes&quot;:[]},&quot;_transform_translateY_effect_mobile&quot;:{&quot;unit&quot;:&quot;px&quot;,&quot;size&quot;:&quot;&quot;,&quot;sizes&quot;:[]},&quot;_transform_scale_effect_tablet&quot;:{&quot;unit&quot;:&quot;px&quot;,&quot;size&quot;:&quot;&quot;,&quot;sizes&quot;:[]},&quot;_transform_scale_effect_mobile&quot;:{&quot;unit&quot;:&quot;px&quot;,&quot;size&quot;:&quot;&quot;,&quot;sizes&quot;:[]}}">
					<div class="e-con-inner">
				<div class="elementor-element elementor-element-38b7d06d elementor-widget elementor-widget-image" data-id="38b7d06d" data-element_type="widget" data-e-type="widget" data-widget_type="image.default">
																<a href="https://savoie-argentine.org/wp-content/uploads/2025/11/san_jose_001a.jpg" data-elementor-open-lightbox="yes" data-elementor-lightbox-title="san_jose_001a" data-e-action-hash="#elementor-action%3Aaction%3Dlightbox%26settings%3DeyJpZCI6MzQyNSwidXJsIjoiaHR0cHM6XC9cL3Nhdm9pZS1hcmdlbnRpbmUub3JnXC93cC1jb250ZW50XC91cGxvYWRzXC8yMDI1XC8xMVwvc2FuX2pvc2VfMDAxYS5qcGcifQ%3D%3D">
							<img decoding="async" src="https://savoie-argentine.org/wp-content/uploads/elementor/thumbs/san_jose_001a-rhls3g3r7ir9wr95z8r6u7oiztubfyofv9bd7buogo.jpg" title="san_jose_001a" alt="san_jose_001a" class="elementor-animation-bounce-in" loading="lazy" />								</a>
															</div>
					</div>
				</div>
		<div class="elementor-element elementor-element-cfc14c4 e-flex e-con-boxed e-con e-parent" data-id="cfc14c4" data-element_type="container" data-e-type="container">
					<div class="e-con-inner">
				<div class="elementor-element elementor-element-6d917c1 elementor-widget elementor-widget-text-editor" data-id="6d917c1" data-element_type="widget" data-e-type="widget" data-widget_type="text-editor.default">
									<p>¿Información sobre el centro cultural de San José? <a href="https://savoie-argentine.org/es/contactenos/san-jose-solicitud-de-informacion/" rel="noopener"><span style="text-decoration: underline;">está aquí &gt;&gt;&gt;</span></a></p>								</div>
					</div>
				</div>
		<div class="elementor-element elementor-element-7434a1d e-flex e-con-boxed e-con e-parent" data-id="7434a1d" data-element_type="container" data-e-type="container">
					<div class="e-con-inner">
				<div class="elementor-element elementor-element-77309f3 elementor-widget elementor-widget-text-editor" data-id="77309f3" data-element_type="widget" data-e-type="widget" data-widget_type="text-editor.default">
									<h3 data-start="267" data-end="318">Centro Savoyardo de <strong data-start="293" data-end="305">San José</strong> (Entre Ríos)</h3><ul data-start="319" data-end="1605"><li data-start="319" data-end="433"><p data-start="321" data-end="433"><strong data-start="321" data-end="341">Fecha de creación</strong>: fundado en 1989, con legalización jurídica en 1996 <span class="" data-state="closed"><span class="ms-1 inline-flex max-w-full items-center relative top-[-0.094rem] animate-[show_150ms_ease-in]" data-testid="webpage-citation-pill"><a class="flex h-4.5 overflow-hidden rounded-xl px-2 text-[9px] font-medium text-token-text-secondary! bg-[#F4F4F4]! dark:bg-[#303030]! transition-colors duration-150 ease-in-out" href="https://centrosaboyano.com.ar/?utm_source=chatgpt.com" target="_blank" rel="noopener"><span class="relative start-0 bottom-0 flex h-full w-full items-center"><span class="flex h-4 w-full items-center justify-between overflow-hidden"><span class="max-w-full grow truncate overflow-hidden text-center"><span style="text-decoration: underline;">centrosaboyano.com.ar</span></span></span></span></a></span></span>.</p></li><li data-start="434" data-end="648"><p data-start="436" data-end="648"><strong data-start="436" data-end="470">Inauguración del edificio dedicado</strong>: 12 de noviembre de 2000, en presencia del embajador de Francia, del Vicegobernador de Entre Ríos y de otras autoridades francesas y argentinas.</p></li><li data-start="649" data-end="1075"><p data-start="651" data-end="678"><strong data-start="651" data-end="676">Actividades principales</strong>:</p><ul data-start="681" data-end="1075"><li data-start="681" data-end="798"><p data-start="683" data-end="798">Clases de francés para todas las edades, incluyendo un <strong data-start="730" data-end="759">jardín de infancia bilingüe</strong>.</p></li><li data-start="801" data-end="927"><p data-start="803" data-end="927">Investigación genealógica e histórica, constitución de una <strong data-start="860" data-end="888">biblioteca en francés</strong>.</p></li><li data-start="930" data-end="1075"><p data-start="932" data-end="1075">Organización de eventos culturales y de acogida para visitantes, así como un <strong data-start="1009" data-end="1036">estudio para alojamiento</strong>.</p></li></ul></li><li data-start="1076" data-end="1304"><p data-start="1078" data-end="1105"><strong data-start="1078" data-end="1103">Desarrollo del lugar</strong>:</p><ul data-start="1108" data-end="1304"><li data-start="1108" data-end="1304"><p data-start="1110" data-end="1304">Estructura inicial completada con una sala de jardín de infancia, luego ampliada a cinco salas en total, con trabajos de acondicionamiento (césped sintético, pintura…).</p></li></ul></li><li data-start="1305" data-end="1440"><p data-start="1307" data-end="1440"><strong data-start="1307" data-end="1330">Responsables locales</strong>: actualmente presidido por Rosa Maxit, descendiente de colonos pioneros.</p></li><li data-start="1441" data-end="1605"><p data-start="1443" data-end="1605"><strong data-start="1443" data-end="1457">Comunidad</strong>: muy involucrada en la transmisión de la cultura savoyarda, con numerosos intercambios humanos y materiales</p></li></ul>								</div>
					</div>
				</div>
		<div class="elementor-element elementor-element-f9ad282 e-flex e-con-boxed e-con e-parent" data-id="f9ad282" data-element_type="container" data-e-type="container">
					<div class="e-con-inner">
				<div class="elementor-element elementor-element-e03b4bd elementor-widget elementor-widget-text-editor" data-id="e03b4bd" data-element_type="widget" data-e-type="widget" data-widget_type="text-editor.default">
									<p><a href="https://famille.savoie-argentine.org/concessions-san-jose/" target="_blank" rel="noopener"><span style="text-decoration: underline;">Lista de propietarios de concesiones en 1879  &gt;&gt;&gt;</span></a></p>								</div>
					</div>
				</div>
		<div class="elementor-element elementor-element-a79fe10 e-flex e-con-boxed e-con e-parent" data-id="a79fe10" data-element_type="container" data-e-type="container" data-settings="{&quot;background_background&quot;:&quot;classic&quot;}">
					<div class="e-con-inner">
				<div class="elementor-element elementor-element-a647a2a elementor-widget elementor-widget-text-editor" data-id="a647a2a" data-element_type="widget" data-e-type="widget" data-widget_type="text-editor.default">
									<p>Tras la marcha de la presidenta del Centro Cultural San José, Rosa Maxit, se le rinde homenaje mediante la edición del vídeo adjunto. Es un testimonio del trabajo extraordinario que ha realizado durante varias décadas. </p>								</div>
					</div>
				</div>
		<div class="elementor-element elementor-element-c62de5f e-flex e-con-boxed e-con e-parent" data-id="c62de5f" data-element_type="container" data-e-type="container" data-settings="{&quot;background_background&quot;:&quot;classic&quot;}">
					<div class="e-con-inner">
				<div class="elementor-element elementor-element-6dd7d9e elementor-widget elementor-widget-video" data-id="6dd7d9e" data-element_type="widget" data-e-type="widget" data-settings="{&quot;video_type&quot;:&quot;hosted&quot;,&quot;controls&quot;:&quot;yes&quot;}" data-widget_type="video.default">
							<div class="e-hosted-video elementor-wrapper elementor-open-inline">
					<video class="elementor-video" src="https://savoie-argentine.org/wp-content/uploads/2026/01/san_jose_fr.mp4" controls="" preload="metadata"></video>
				</div>
						</div>
					</div>
				</div>
				</div>

<p>¿Información sobre el centro cultural de San José? está aquí &gt;&gt;&gt; Centro Savoyardo de San José (Entre Ríos) Fecha de creación: fundado en 1989, con legalización jurídica en 1996 centrosaboyano.com.ar. Inauguración del edificio dedicado: 12 de noviembre de 2000, en presencia del embajador de Francia, del Vicegobernador de Entre Ríos y de otras autoridades francesas [&hellip;]</p>
